What is the highest common factor of s and h?
9
Suppose -j = b - 6*b + 25, 3 = 3*b - 3*j. Suppose 160 = -2*q + b*q. Suppose 5 = -0*x + x. What is the highest common divisor of x and q?
5
Suppose -1320 + 312 = -7*b. What is the highest common divisor of b and 36?
36
Suppose 3*m + 2 = 8. Suppose 4*o + m*f = -168, f - 207 = 5*o + 2*f. Let y = o - -141. Calculate the greatest common divisor of y and 25.
25
Let r = -201 + 216. What is the highest common factor of 9 and r?
3
Let m(u) be the second derivative of 19*u**4/12 - u**3/2 + u. Let v be m(2). Suppose -109 = 31*s - 419. What is the highest common factor of s and v?
10
Let b(t) = -t**3 + 14*t**2 + 14*t + 19. Let i be b(15). Let c be (-1040)/(-112) + i/(-14). What is the greatest common divisor of c and 18?
9
Let a be 23 + 2 + (-1 - 0). Suppose -30*s - 2 = -29*s, o - 2*s - 8 = 0. What is the highest common divisor of o and a?
4
Suppose -6*z - 110 = -z. Let h be 450/55 - (-4)/z. What is the highest common factor of h and 72?
8
Suppose 539 = 3*y + 167. What is the highest common factor of y and 62?
62
Suppose 70*u - 10295 - 34295 = 0. Calculate the greatest common factor of u and 26.
13
Suppose -280*j - 32*j + 6402 + 462 = 0. Suppose 0 = k - 5*h - 46, 3*h - 186 = -3*k + 6*h. What is the highest common divisor of k and j?
22
Suppose -100 = -k - 78. What is the greatest common divisor of 44 and k?
22
Let w = 24 + -21. Suppose -h + 2*h - 4*r - 12 = 0, 0 = w*r. Suppose 0 = 3*o + 4*p - 2*p - 14, -3*o + 24 = -3*p. What is the greatest common factor of h and o?
6
Let c = -99 + 333. What is the greatest common factor of c and 18?
18
Let p = -106 - -172. Calculate the highest common factor of p and 154.
22
Suppose b = -587 + 590. Calculate the highest common divisor of 375 and b.
3
Let d(r) = -136*r**3 - 4*r - 4. Let o be d(-1). Let q = 117 - 62. Let z = -21 + q. Calculate the greatest common factor of o and z.
34
Let p be -5*(-1 + 3/(-15)). Let u be (4/p)/(6/(-45)). Let r be 3 + (u - (-12)/4). What is the highest common divisor of 4 and r?
1
Let q = 660 - 646. Calculate the highest common divisor of q and 1526.
14
Let m be 86/10 + 15/(-25). Suppose -m*z = -3*z - 120. Calculate the highest common factor of z and 12.
12
Let l be (-1 + 2 + 1)/(4/(-162)). Let p = 63 - l. Let u be ((-3)/(-2) - 2)*-36. What is the highest common factor of p and u?
18
Let h = 861 + -792. Calculate the greatest common divisor of 253 and h.
23
Suppose -11 = -3*x - 2*p, 0*x - 3*p = 4*x - 15. Let v(r) = 4*r. Let n be v(x). Let q be -1 - (3/(-3) - n). What is the greatest common divisor of q and 72?
12
Suppose 152*m + 80 = 160*m. Suppose 0 = 4*o + 28 - 148. Let s be (-2)/5 + 3312/o. What is the greatest common divisor of s and m?
10
Suppose 0 = -2*f - 6*f + 2240. Let d = 36 - 62. Let q = 2 - d. Calculate the greatest common factor of f and q.
28
Let b(d) = d**2 + 10*d - 11. Let o(r) = r**2 + 9*r - 10. Let w(p) = -6*b(p) + 7*o(p). Let y be w(7). Calculate the greatest common divisor of y and 44.
22
Suppose 3*o - 1282 = 371. Let t = o + -353. Calculate the greatest common divisor of t and 22.
22
Let v(s) = 6*s**2 - 66*s + 3. Let a be v(11). What is the greatest common divisor of 519 and a?
3
Suppose 3*f = -2*g - 54, g + 108 = -3*g + 4*f. Let j = 47 + g. Let z(v) = -8*v + 98. Let s be z(11). What is the greatest common divisor of j and s?
10
Let s = 2108 + -1354. Calculate the greatest common divisor of 26 and s.
26
Let z be (6 - 2) + -2 + 10. Suppose -10 = -17*w + z*w. Suppose 2*g - 1 = 9. Calculate the highest common divisor of g and w.
1
Let y(h) = h**2 + h + 8. Let q(i) = -i**2 + 26*i + 27. Let z be q(27). Let s be y(z). Calculate the highest common divisor of s and 4.
4
Let c be -6 + 46 - 3 - 4. Calculate the highest common factor of 11 and c.
11
Let g be (3/9 - 1)*(-25 - 2). What is the greatest common divisor of g and 747?
9
Suppose 30 = d + 2*s, -95 = -3*d - 2*d + s. Calculate the greatest common divisor of 590 and d.
10
Let f be 918/(-51)*(1/1 + -10). What is the greatest common factor of f and 36?
18
Let k(v) = v**2 + 13*v + 14. Let n be k(-8). Let r be 16/3*(-117)/n. Let j(z) = 5*z - 10. Let b be j(14). Calculate the highest common factor of r and b.
12
Suppose 2*n - 2*q = 108, 4*n = -3*q + 176 + 75. Calculate the greatest common factor of 944 and n.
59
Suppose -14 = -3*f - 5. Let t(h) = 10 + 3*h**3 - 13 + 7 - 2*h + h**2. Let j be t(f). Calculate the greatest common factor of 11 and j.
11
Let d be (-18 + -3)/(3/(-15)). Let z be 0*((-2)/2 - -2) - -6. Let c(w) = 5*w - 15. Let l be c(z). What is the greatest common factor of l and d?
15
Let k be 1/6 + (-562)/(-12). Let o = k + -3. Suppose o = v + 3*v. What is the highest common factor of v and 22?
11
Let y(l) = -l**3 + 22*l**2 + 4*l + 16. Let d be y(22). What is the greatest common factor of d and 13?
13
Suppose 2*m - 507 = p - 23, -m - 4*p + 224 = 0. Calculate the highest common factor of 540 and m.
60
Suppose -5*u = 17*r - 15*r - 4046, -4 = 2*r. Calculate the greatest common divisor of 36 and u.
18
Let u = -70 - -198. Let y = u - 117. Calculate the greatest common divisor of y and 209.
11
Suppose 4*s + 7*h = 4*h - 8, 3*s + 9 = -3*h. Let r = 19 - 18. Let f be s*r/(-2)*-10. Calculate the highest common divisor of f and 20.
5
Let j(a) be the second derivative of 3*a**5/20 + a**4/4 - 2*a**2 - 12*a. Let m be j(3). Calculate the highest common divisor of m and 13.
13
Suppose 0 = -g + 2*w + 226, 3*g + 4*w - 633 = w. What is the greatest common divisor of g and 48?
24
Let q be -4 + 2 - (-2 - 16). Let r be (-2)/q + 18/16. Calculate the highest common factor of 1 and r.
1
Let p = -1531 + 1667. What is the greatest common divisor of 17 and p?
17
Let r(h) = -21*h - 80. Let y be r(-4). What is the highest common divisor of y and 30?
2
Suppose -16*p = -4*p - 2496. What is the highest common divisor of 32 and p?
16
Suppose -y + 393 = 2*k - 243, -2*k + 2550 = 4*y. Calculate the greatest common factor of 406 and y.
58
Suppose -3*m - 2*m - 15 = 0, 0 = -2*z - 3*m - 7. Let n be 0 + -1 - (-1 - z). Let v = 92 - 83. Calculate the greatest common divisor of v and n.
1
Let y be (4*(-25)/20)/(-1). Suppose 236 = 4*p + 76. Calculate the greatest common divisor of y and p.
5
Let p(i) = -i**3 - i**2 + 6*i + 10. Let o be p(-4). Let n be (-170)/(-3) - o/51. Calculate the highest common divisor of 8 and n.
8
Suppose 0*s = -2*s + 82. Suppose 3*z + 4 = -l + 11, 0 = -z + l + 9. Let d = z + s. What is the greatest common factor of 5 and d?
5
Suppose -5*t = 2*m - 3*m - 289, 2*t - m - 118 = 0. Let b be (-4)/6 - (-1508)/39. What is the greatest common divisor of b and t?
19
Suppose -6 = -13*m + 33. Suppose 0 = m*a - 5*h - 26 - 4, 2*h = 0. Let x = 32 + -22. What is the highest common factor of x and a?
10
Let g be (7/((-42)/4))/(1/(-3783)). What is the highest common divisor of g and 26?
26
Let f(u) = -u**2 + 7*u - 5. Let a be f(5). Suppose 5*m = 2*v + 15, 3 = m + a*v - 0. Suppose -m*d + 494 = 134. What is the greatest common divisor of d and 15?
15
Let z(o) = -32*o + 1. Let w be z(-2). Let p(n) = n**3 + 14*n**2 + 24*n + 13. Let h be p(-12). Calculate the greatest common factor of h and w.
13
Let m = -37 + 52. What is the highest common divisor of 9 and m?
3
Suppose 0 = 5*o - 57*d + 59*d - 521, -5*o + 535 = -5*d. What is the highest common divisor of 25 and o?
5
Let s = -161 - -227. Let x = 476 - 311. What is the greatest common factor of s and x?
33
Suppose -725 = -2*d + 7*d. Let h = d + 163. Calculate the highest common factor of 117 and h.
9
Suppose -64 = -8*c - 32. Calculate the highest common factor of 220 and c.
4
Let v(d) = 3*d**3 - 3*d**2 + 5*d - 3. Let y be v(1). What is the greatest common divisor of y and 6?
2
Suppose -62 + 6 = -2*c. Suppose -63 = 9*t - 10*t. Let s = t - -7. What is the highest common factor of s and c?
14
Let d(u) = 40*u + 5. Let p be d(4). Let c be 17/((-68)/(-120)) - 3/(-1). Calculate the greatest common factor of p and c.
33
Let q = 45 - 30. Suppose q*f - 13*f - 128 = 0. Calculate the highest common divisor of f and 16.
16
Suppose -11*u - 841 = -3503. What is the greatest common divisor of 88 and u?
22
Let z be (8/(-10) + 2)*60. Suppose -5*l + z = -l. Calculate the highest common factor of l and 18.
18
Suppose v + 2*v - 192 = 0. Let w be 2/(-13) - 212/(-26). What is the highest c